ommon factor of r and 117.
13
Let l(k) = -k - k**2 + 0*k + 2*k**2 - 2. Let w be l(-4). Let x be (-39)/(-4) - (-6)/(-8). What is the greatest common divisor of x and w?
9
Let n be (-17)/(-2) - 1/(-2). Let f(v) be the first derivative of -v**3/3 + 3*v**2/2 - v + 2. Let i be f(2). What is the greatest common factor of i and n?
1
Suppose -78 = 3*c - 4*v, -4*c - 4*v = -2*v + 82. Let o = -13 - c. What is the highest common factor of o and 99?
9
Let m be 5 + -7 - 1*-31. Let v = 49 - m. What is the greatest common factor of 8 and v?
4
Let r be 1 + 0 - (-10)/5. What is the greatest common divisor of r and 21?
3
Let t(p) = -3*p. Let q be t(-4). Let v be q/(-5)*(-8 + 3). Let l(g) = -4*g. Let f be l(-6). What is the greatest common factor of v and f?
12
Let g = 9 - -2. Calculate the highest common factor of 55 and g.
11
Let w = -5 + 7. Suppose 4*p + 52 = 4*q, w = -2*p - 4. Calculate the highest common divisor of q and 50.
10
Let l = 9 - 1. Suppose -2*k = -3*k + 64. What is the highest common factor of k and l?
8
Suppose 0 = 2*u - 195 + 27. Suppose y + 3*g = u, -126 = -y - g - 50. Suppose 0 = -2*b + 3*b - y. Calculate the highest common factor of 9 and b.
9
Let v = -57 - -71. Calculate the highest common factor of v and 28.
14
Suppose -v = v - 6. What is the highest common divisor of v and 21?
3
Suppose 0 = -3*t - 2*t + 5, 0 = -2*k + t + 199. Let r(x) = -x**2 + 9*x - 4. Let j be r(7). What is the highest common factor of j and k?
10
Let p(q) = -3*q - 12. Let g be p(-5). What is the highest common factor of 3 and g?
3
Let u(s) = -10*s + 2. Let l be u(-2). Suppose 0 = -5*x + 49 - 4. Let f be 6/x*198/4. What is the greatest common factor of f and l?
11
Let z(f) = 3*f**2 + f. Let t = -10 + 18. Suppose -t + 4 = -2*u. Let a be z(u). What is the highest common factor of a and 98?
14
Suppose -4*l + 4*r + 66 = -l, 0 = -4*r. Suppose 2*h = -3*g + 50, 4*g = 3*h + 2*g - 62. What is the highest common divisor of l and h?
22
Let i = -149 - -159. Suppose -2*v + 0 = -2. Calculate the greatest common factor of i and v.
1
Let d be (6/15)/(2/(-20)). Let p be (d/6)/((-14)/63). Calculate the greatest common factor of 27 and p.
3
Let v(o) = -12*o + 16. Let b be v(-7). Calculate the greatest common factor of b and 20.
20
Let a(f) be the third derivative of -f**4/24 + f**3 - f**2. Let x be a(6). Let o = x + 25. What is the highest common divisor of o and 175?
25
Suppose 0*p - p = -21. Let x = -170 + 254. What is the highest common factor of p and x?
21
Suppose -3*y = y + 2*p - 274, 2*y - 3*p = 117. Calculate the highest common divisor of y and 22.
22
Suppose z - 155 = 150. Let y be 2*((-774)/(-4))/3. Let i = z - y. Calculate the greatest common divisor of i and 16.
16
Let q(w) = 48*w - 3. Let z be q(1). What is the greatest common divisor of 5 and z?
5
Let a be (15 - 4) + -4 + 4. Let l = a - -8. What is the highest common factor of l and 19?
19
Let z be 3 - 2 - 2/((-6)/3). What is the greatest common factor of z and 10?
2
Suppose -5 = 4*l - 5*l. Calculate the greatest common divisor of l and 20.
5
Let d(x) = 50*x - 1. Let w be d(2). Let s(f) = 6*f - 1. Let j be s(2). Calculate the greatest common divisor of j and w.
11
Suppose 0 = -2*p + 5*g + 15 + 36, -4*p + 2*g + 94 = 0. What is the greatest common divisor of p and 92?
23
Let s = -15 - -235. What is the greatest common divisor of 20 and s?
20
Let f be 4*10/(25/5). Calculate the greatest common factor of f and 2.
2
Suppose -4*w + 36 = 4*v, -w + 1 = 4. Let k be 1/(2 + (-28)/12). Let u = v + k. What is the greatest common factor of 6 and u?
3
Let q = -59 - -109. Let k be (12/5)/(15/q). Suppose g - k = -0*g. Calculate the highest common divisor of 24 and g.
8
Let r(o) = 8*o - 44. Let l be r(7). Calculate the highest common factor of 156 and l.
12
Let n(d) = -d**2 + d + 25. Let y be n(0). Let u = 50 + y. What is the greatest common divisor of u and 50?
25
Let l(q) = q**2 - 7*q + 6. Let z be l(5). Let n = 6 + z. Calculate the greatest common factor of n and 5.
1
Let l = 33 + -12. Suppose -j - 3*j = -8. Suppose -4*v + j*v = -28. Calculate the greatest common factor of v and l.
7
Let h be (4 + -5)/((-1)/3). Let u(g) = 2*g - 1. Let s be u(h). Calculate the highest common divisor of s and 2.
1
Let j = -1 + -5. Let h(z) = -z**3 - 4*z**2 + 9*z + 7. Let r be h(j). Calculate the greatest common divisor of r and 5.
5
Suppose -17 = -2*t - 5*o - 1, 5*t - 73 = 4*o. Let m = -29 - -41. Suppose 3*k - 51 = -m. Calculate the highest common factor of k and t.
13
Let f be (-189)/(-84) + (-1)/4. What is the highest common divisor of 10 and f?
2
Let x be 6/4 + (-117)/6. Let c = x - -28. What is the highest common factor of c and 40?
10
Let l = 430 + -286. Let i be ((-32)/(-8))/(2/9). Calculate the greatest common divisor of i and l.
18
Let c = 19 + -3. Let r(z) = -z + 14. Let p be r(9). Let t = p - -19. Calculate the highest common factor of t and c.
8
Suppose i + o = 16, -3*i - 5*o + 60 - 6 = 0. Let n = i + -3. Calculate the highest common factor of 25 and n.
5
Let z(o) = 2*o - 1. Let a be z(4). Let x = a + -5. Let r = 18 - x. What is the greatest common divisor of r and 8?
8
Let t(q) = 8*q**3 - 4*q**2 + 5*q - 3. Let a be t(3). Calculate the highest common factor of 24 and a.
24
Let m = -163 + 343. Calculate the highest common factor of m and 20.
20
Let r = -73 - -133. Let z be (3/(-4))/((-2)/16). What is the greatest common factor of r and z?
6
Let d = 26 - 21. Calculate the greatest common factor of d and 80.
5
Let w be (2/1 - -1) + 3. What is the highest common divisor of 66 and w?
6
Suppose -9 = -6*p + 3. What is the greatest common factor of p and 18?
2
Let f = 40 - 0. What is the greatest common divisor of 10 and f?
10
Let a = 38 + -17. What is the greatest common divisor of a and 84?
21
Let r be 5/2 - (-3)/6. Suppose r*a + 44 = 188. Suppose -d + 5*d + 5*c - 29 = 0, d - 5 = c. What is the highest common divisor of d and a?
6
Suppose 3*k + 0*k - 70 = 4*o, 2*k = 3*o + 46. What is the greatest common factor of 39 and k?
13
Let w be 0 + (-4)/(-4) + 97. What is the highest common factor of 14 and w?
14
Suppose -36 = -4*d - 3*s - s, 5 = -3*d + 5*s. Let m = -1 + 3. Calculate the greatest common divisor of m and d.
1
Let i(w) = w**2 + 8*w - 5. Let a be i(-7). Let p(d) = -d**2 - 14*d - 14. Let j be p(a). What is the highest common factor of 60 and j?
10
Let d(g) = g + 7. Let b be d(3). Let a be b - 3 - (3 + -4). What is the highest common factor of 72 and a?
8
Let o = 25 + -55. Let z = o - -90. What is the highest common factor of 15 and z?
15
Suppose -2*y - 3*y = -250. Suppose 1 = -4*j + 21, 0 = f + j - y. Calculate the highest common divisor of 15 and f.
15
Suppose -4 = -h - 2*u, 3*h - 3*u - 21 = 9. Calculate the greatest common divisor of 8 and h.
8
Let x = 64 - 46. Calculate the highest common factor of x and 18.
18
Let o(b) = b**3 + 6*b**2 + 3*b + 5. Let s be o(-4). Calculate the highest common divisor of 225 and s.
25
Suppose -3*g + 75 = -45. Let a be 12*12/(-90)*-5. Calculate the highest common factor of g and a.
8
Suppose d + 55 = -4*y - 85, d = -4. Let x = y - -49. Let t be 2 + (74 - 2) - -1. Calculate the highest common divisor of t and x.
15
Let m = 12 - 6. Let c be (4/m)/((-5)/(-135)). Calculate the highest common factor of c and 2.
2
Suppose -8 + 36 = c. Calculate the highest common divisor of c and 4.
4
Suppose 4*p - 4*i = 88, -2*p + i = 3*i - 28. Calculate the greatest common divisor of 36 and p.
18
Let r = -19 + 29. Let m be 4/r - (-5026)/35. What is the highest common divisor of 16 and m?
16
Let d be 301/(-129)*(-6)/2. Let j = -34 + 97. What is the greatest common divisor of d and j?
7
Let f(u) = 2*u - 20. Let o be f(16). What is the greatest common divisor of 12 and o?
12
Let o be (-7)/(-14) + (-106)/4*-1. Calculate the greatest common divisor of o and 108.
27
Let p be 0/(-2) - (-111 - 1). Suppose -9 = -3*i - 3. Let t(o) = 8*o. Let q be t(i). Calculate the highest common divisor of p and q.
16
Let q(x) = -x**2 + 11*x. Let g be q(11). Suppose -4*n - 1 + 121 = g. What is the highest common factor of 10 and n?
10
Let t(w) = w**2 + 2*w - 7. Let p be t(-5). Calculate the greatest common divisor of p and 8.
8
Suppose -2*y = 3 + 17. Let x be 56/10 + y/(-25). What is the greatest common divisor of x and 3?
3
Suppose 4*s - 5*w - 224 = 0, s - w